
Is 1374679 prime?
False
Is 3522937 composite?
True
Is 8537149 composite?
True
Is 8070817 a composite number?
False
Is 26614097 a composite number?
True
Is 40119019 a prime number?
False
Is 839073601 a prime number?
True
Is 2849053 prime?
True
Is 313721279 a composite number?
False
Is 4186097 a composite number?
True
Is 19841033 a prime number?
True
Is 883909 a composite number?
True
Is 1231711 a prime number?
False
Is 1948193 a prime number?
False
Is 1919899 a composite number?
True
Is 15160967 prime?
True
Is 18676927 prime?
False
Is 11229377 a prime number?
True
Is 3944411 a composite number?
False
Is 5365837 a composite number?
False
Is 6401513 a prime number?
False
Is 1244807 composite?
True
Is 72399 a composite number?
True
Is 448351247 a composite number?
False
Is 456450679 a composite number?
True
Is 12325487 a composite number?
False
Is 115657259 a composite number?
True
Is 12807965 composite?
True
Is 3927523 prime?
True
Is 67129901 prime?
True
Is 2287711 a composite number?
True
Is 423277159 a prime number?
False
Is 661206043 a composite number?
False
Is 13400447 a composite number?
False
Is 96893057 prime?
True
Is 1459847 a prime number?
False
Is 5590153 prime?
False
Is 19791067 prime?
True
Is 85106609 composite?
True
Is 12168389 composite?
False
Is 267187 prime?
True
Is 3932533 composite?
True
Is 96052969 composite?
True
Is 830444041 a composite number?
True
Is 63776797 a prime number?
False
Is 95319163 composite?
False
Is 337877 composite?
True
Is 38275271 prime?
True
Is 3874979 composite?
False
Is 7024533 prime?
False
Is 9114789 a composite number?
True
Is 118873 prime?
True
Is 110289629 composite?
False
Is 6875717 composite?
False
Is 709321 a prime number?
True
Is 88243579 a composite number?
False
Is 802297 a prime number?
True
Is 30003301 a composite number?
False
Is 356519 composite?
True
Is 8918146 prime?
False
Is 19765513 a prime number?
False
Is 75592123 composite?
False
Is 673063 a prime number?
True
Is 2371387 composite?
True
Is 50604483 a prime number?
False
Is 28247779 a composite number?
True
Is 52893251 a composite number?
False
Is 328930543 composite?
True
Is 3293179 composite?
True
Is 1643857 composite?
False
Is 44987158 a composite number?
True
Is 18088417 a prime number?
False
Is 65649643 composite?
True
Is 5938414 a composite number?
True
Is 40525087 prime?
True
Is 77480259 a composite number?
True
Is 49921523 prime?
False
Is 1211333 composite?
False
Is 12933951 a composite number?
True
Is 697731613 a composite number?
True
Is 23412133 composite?
False
Is 24648881 prime?
True
Is 196067 a composite number?
True
Is 1671941 composite?
False
Is 7257997 a prime number?
False
Is 276282122 composite?
True
Is 2328299 a composite number?
True
Is 8801129 composite?
False
Is 148891 composite?
False
Is 6894821 prime?
True
Is 1856269 prime?
True
Is 10774921 a composite number?
True
Is 1097981 prime?
False
Is 4727011 composite?
True
Is 4061429 a prime number?
True
Is 2215181 prime?
True
Is 13447477 a prime number?
True
Is 357137 composite?
True
Is 743027 composite?
False
Is 48591839 composite?
False
Is 2943209 prime?
False
Is 6584227 a prime number?
False
Is 318557 a prime number?
True
Is 204381745 composite?
True
Is 8993157 composite?
True
Is 1500644953 a composite number?
False
Is 638431721 a prime number?
True
Is 139957 composite?
True
Is 6397667 prime?
True
Is 2381609 composite?
False
Is 60062747 prime?
True
Is 25137601 a composite number?
False
Is 89574614 prime?
False
Is 5965747 prime?
False
Is 24844678 composite?
True
Is 22158447 a prime number?
False
Is 86287349 a composite number?
True
Is 2350553 a composite number?
True
Is 109964297 prime?
True
Is 25800851 composite?
False
Is 22902493 a prime number?
True
Is 629053 prime?
False
Is 609359 prime?
True
Is 129056597 a prime number?
False
Is 71917951 a composite number?
True
Is 2860891 a prime number?
False
Is 3099809 composite?
False
Is 253133 prime?
True
Is 42833789 a prime number?
True
Is 953326799 prime?
False
Is 32681293 composite?
True
Is 15003973 prime?
True
Is 5127097 a prime number?
False
Is 78132049 a composite number?
True
Is 36384119 a prime number?
True
Is 5281814 a composite number?
True
Is 136010491 composite?
False
Is 150978651 prime?
False
Is 5650609 prime?
True
Is 519067 prime?
True
Is 7160957 a prime number?
False
Is 197158477 a composite number?
False
Is 1597553 a prime number?
True
Is 4657841 composite?
True
Is 3101249 a composite number?
False
Is 3988579 composite?
True
Is 70601199 composite?
True
Is 80224597 composite?
True
Is 8161409 a composite number?
True
Is 7894363 prime?
True
Is 56721757 composite?
False
Is 923102429 prime?
False
Is 775909009 a composite number?
False
Is 12619373 a prime number?
False
Is 1309301 a prime number?
False
Is 7422505 a prime number?
False
Is 243733 prime?
False
Is 7765643 composite?
False
Is 4527689 prime?
True
Is 52332311 a prime number?
True
Is 2050567 prime?
True
Is 712331 prime?
True
Is 91959851 a composite number?
True
Is 173448749 prime?
False
Is 17760957 a prime number?
False
Is 2466473 composite?
False
Is 113205097 a prime number?
False
Is 7293271 a composite number?
False
Is 405354931 prime?
False
Is 140314 composite?
True
Is 34521133 prime?
True
Is 21255061 a prime number?
True
Is 15442403 composite?
True
Is 12991087 composite?
False
Is 6156037 a prime number?
True
Is 9524345 a composite number?
True
Is 5322721 composite?
False
Is 6801607 prime?
True
Is 5445578 a composite number?
True
Is 25310279 composite?
False
Is 4845497 a prime number?
False
Is 11371469 prime?
False
Is 954197 prime?
False
Is 146267237 prime?
True
Is 480043 a prime number?
True
Is 3165443 a prime number?
False
Is 5230553 composite?
False
Is 438839 prime?
False
Is 337738711 a prime number?
False
Is 33612639 a prime number?
False
Is 55589173 a composite number?
False
Is 648073 a prime number?
True
Is 171216778 a composite number?
True
Is 596963 a composite number?
False
Is 3957743 prime?
True
Is 6863159 prime?
True
Is 36131929 prime?
False
Is 2584061 a composite number?
False
Is 100651039 composite?
False
Is 23443481 prime?
True
Is 10121278 a composite number?
True
Is 568187327 a composite number?
False
Is 16325599 a composite number?
True
Is 3737969 prime?
True
Is 6696247 a composite number?
True
Is 35929447 a prime number?
True
Is 3966089 composite?
False
Is 30057149 composite?
False
Is 14432149 a prime number?
False
Is 392160929 composite?
False
Is 9867373 a composite number?
True
Is 43732987 a composite number?
True
Is 7798191 a prime number?
False
Is 10111701 prime?
False
Is 49587089 a composite number?
False
Is 24287374 composite?
True
Is 1976831 prime?
True
Is 433077011 a composite number?
True
Is 340556821 composite?
True
Is 7279 prime?
False
Is 268787179 composite?
True
Is 35286179 a composite number?
False
Is 2430431 a composite number?
True
Is 90310849 composite?
False
Is 5883005 composite?
True
Is 245159779 prime?
True
Is 4476133 a composite number?
False
Is 232325029 a prime number?
True
Is 4996027 prime?
False
Is 3744163 prime?
True
Is 16687901 a prime number?
False
Is 4317529 prime?
True
Is 1068170981 a prime number?
True
Is 54633511 composite?
False
Is 46993607 a prime number?
False
Is 66947701 a prime number?
True
Is 19454051 composite?
False
Is 1424021 prime?
True
Is 9991363 prime?
False
Is 9617567 composite?
True
Is 355464731 prime?
False
Is 293251793 a composite number?
True
Is 229870457 composite?
False
Is 57660833 prime?
True
Is 1236901 prime?
True
Is 601922 prime?
False
Is 50845813 composite?
False
Is 2982431 a composite number?
False
Is 7781253 a composite number?
True
Is 128156167 a prime number?
True
Is 2578451 composite?
False
Is 13139807 a composite number?
True
Is 46262597 composite?
False
Is 347370611 composite?
True
Is 58557019 a prime number?
False
Is 102093269 prime?
True
Is 210509967 prime?
False
Is 24398853 a composite number?
True
Is 11404483 composite?
False
Is 16374011 a prime number?
False
Is 20127619 prime?
True
Is 105428617 a prime number?
False
Is 16498367 a composite number?
False
Is 35441837 a prime number?
True
Is 16144973 a prime number?
False
Is 11777497 a prime number?
True
Is 351589 composite?
True
Is 42134869 composite?
True
Is 148697821 a composite number?
False
Is 31584361 a prime 